. Give z(8).
61
Let m(s) = 9*s**2 - 28*s + 9. Determine m(2).
-11
Let y(g) = -274*g + 5754. Calculate y(21).
0
Let a(o) = -o**3 - 9*o**2 + 7*o - 76. Calculate a(-10).
-46
Let s(q) = 2278*q - 88838. What is s(39)?
4
Let o(y) = 1530*y + 4599. Calculate o(-3).
9
Let j(r) = -31*r - 8. Give j(8).
-256
Let r(z) = -23*z**2 - 159*z - 129. Give r(-6).
-3
Let t(x) = 2*x**3 - 34*x**2 - 15*x + 19. What is t(17)?
-236
Let q(w) = -42*w - 35. Give q(6).
-287
Let m(u) = 3*u**3 - 17*u**2 - 62*u. Give m(-3).
-48
Let y(q) = -13*q - 98. Determine y(-7).
-7
Let y(s) = s**3 - 44*s**2 - 356*s + 6. Give y(-7).
-1
Let b(n) = n**2 - 8*n - 16. Calculate b(-2).
4
Let z(n) = 6921*n + 13859. Determine z(-2).
17
Let q(n) = -n**3 - 20*n**2 - 63*n + 32. Give q(-16).
16
Let x(l) = -30*l**2 + 2*l + 10. What is x(-3)?
-266
Let r(x) = x**3 + 12*x**2 + 6*x - 97. Determine r(-4).
7
Let l(i) = -30*i**3 + 4*i**2 + 11*i - 1. Determine l(-2).
233
Let u(k) = 470*k - 2310. Give u(5).
40
Let m(g) = 30*g - 1207. Determine m(58).
533
Let z(x) = -3*x + 341. What is z(7)?
320
Let x(m) = m**3 - 9*m**2 - 67*m - 85. Calculate x(14).
-43
Let f(b) = 272*b + 1667. Give f(-6).
35
Let c(t) = -2*t**3 + 51*t**2 + 38*t - 346. Determine c(26).
-34
Let f(s) = 40*s + 273. Calculate f(-8).
-47
Let q(y) = y**2 + 121*y + 3663. Give q(-60).
3
Let u(k) = k**2 - k - 80. Calculate u(11).
30
Let h(a) = a**3 - 3*a**2 - 14*a + 2. Give h(4).
-38
Let y(g) = -12*g + 12. Calculate y(-1).
24
Let h(y) = 753*y - 3012. Calculate h(4).
0
Let u(c) = -9*c + 430. Give u(50).
-20
Let n(w) = -33*w - 23. Calculate n(8).
-287
Let h(z) = z**2 - 77*z + 323. Determine h(73).
31
Let a(n) = 2*n**3 - 21*n**2 + 61*n - 311. Determine a(9).
-5
Let t(x) = x**3 - 43*x**2 + 327*x + 38. Give t(33).
-61
Let p(h) = -h**2 - 101*h - 2318. What is p(-66)?
-8
Let y(i) = -32*i**2 - 929*i - 35. Calculate y(-29).
-6
Let q(l) = -3189*l + 12750. Give q(4).
-6
Let m(g) = -77*g + 722. Determine m(9).
29
Let a(f) = 6*f**3 - 899*f**2 - 141*f - 1362. Calculate a(150).
-12
Let a(v) = -v**3 + 12*v**2 - 17*v + 18. Determine a(8).
138
Let c(r) = 101*r**2 - 817*r + 92. Determine c(8).
20
Let a(c) = c**2 + 10*c + 27. What is a(-9)?
18
Let f(i) = -i**2 + 7*i + 161. Give f(-10).
-9
Let x(g) = -415*g - 1652. Calculate x(-4).
8
Let k(j) = -790*j + 3204. What is k(4)?
44
Let k(j) = -2*j**3 + 8*j**2 + 3*j - 7. Determine k(4).
5
Let i(j) = -65*j**2 - 2*j + 12. Determine i(0).
12
Let t(z) = -10*z - 290. Give t(-31).
20
Let b(i) = -i**2 - 42*i + 4893. Determine b(52).
5
Let c(f) = f**3 - 28*f**2 + 78*f - 121. Give c(26).
555
Let q(s) = -9653*s + 115846. Calculate q(12).
10
Let c(t) = -t**2 - 134*t - 1139. What is c(-125)?
-14
Let z(b) = b**3 - 56*b**2 - 121*b + 375. What is z(58)?
85
Let z(g) = -2*g**2 - 55*g + 662. Give z(-36).
50
Let w(i) = 69*i**2 - 11*i - 15. Determine w(-2).
283
Let y(f) = f**3 + 116*f**2 + 774*f + 1199. Give y(-109).
0
Let u(t) = 2*t**3 - 5*t**2. What is u(0)?
0
Let a(k) = 36*k**2 + 18*k + 93. Determine a(-4).
597
Let a(o) = o**3 + 8*o**2 - 37*o - 27. What is a(-11)?
17
Let z(b) = 5*b**2 + 35*b + 120. Give z(-3).
60
Let p(i) = -i**3 - 14*i**2 - 10*i - 128. Give p(-14).
12
Let r(w) = 114*w + 1705. Calculate r(-15).
-5
Let p(z) = 1259*z - 28952. Calculate p(23).
5
Let t(g) = -5*g**3 - 101*g**2 - 59*g - 776. Calculate t(-20).
4
Let c(n) = 753*n - 4533. Calculate c(6).
-15
Let u(p) = -p**3 - 8*p**2 - 25*p - 123. Calculate u(-7).
3
Let j(q) = -q**3 - 9*q**2 - 162*q - 539. Calculate j(-4).
29
Let m(k) = 37*k - 1140. Calculate m(31).
7
Let y(t) = -31*t + 3. Calculate y(5).
-152
Let i(t) = -13*t**2 - 662*t - 607. What is i(-50)?
-7
Let r(w) = 3*w**2 - w + 3. Calculate r(-3).
33
Let u(t) = 42*t + 148. Give u(-4).
-20
Let o(i) = i**3 + 9*i**2 - 45*i - 392. What is o(-7)?
21
Let b(d) = d**3 + d**2 - 63*d + 32. Calculate b(7).
-17
Let k(c) = -c**3 - 135*c**2 + 428*c + 1930. Calculate k(-138).
-2
Let x(t) = 4181*t + 12518. What is x(-3)?
-25
Let w(z) = 5*z - 4. Give w(-4).
-24
Let h(w) = -3*w**2 + 39*w - 40. Calculate h(12).
-4
Let g(i) = -113*i**2 - 3*i + 1. Determine g(-2).
-445
Let r(g) = 1328*g - 7956. Determine r(6).
12
Let v(o) = 4*o**3 - 222*o**2 + 109*o + 19. Give v(55).
-36
Let q(o) = -o**3 - 3*o**2 + 12*o - 1. Determine q(-7).
111
Let l(p) = -p**2 - 110*p + 1183. Give l(10).
-17
Let r(g) = -51*g - 555. What is r(-12)?
57
Let n(o) = o**3 + 18*o**2 + 75*o + 250. Give n(-14).
-16
Let u(z) = z**3 + 27*z**2 + 249*z + 6732. Give u(-27).
9
Let p(h) = 5*h**2 - 60*h + 41. Determine p(13).
106
Let w(b) = 7*b**2 + 12*b + 16. Determine w(-3).
43
Let x(c) = c**3 - 15*c**2 - 20*c - 57. Give x(17).
181
Let h(i) = i**3 - 4*i**2 - 5*i + 13. What is h(5)?
13
Let c(q) = -q**3 - 5*q**2 + 33*q + 9. Determine c(5).
-76
Let c(d) = -107*d - 1550. Calculate c(-12).
-266
Let m(l) = 73*l + 427. What is m(-6)?
-11
Let h(l) = 4*l**2 + 66*l + 110. Determine h(-15).
20
Let p(c) = -70*c**2 - 211*c - 4. Give p(-3).
-1
Let i(m) = 18*m - 1825. What is i(101)?
-7
Let p(h) = -3*h**3 - 46*h**2 + 5*h + 303. Give p(-15).
3
Let b(s) = s**3 - 32*s**2 + 4*s - 126. What is b(32)?
2
Let x(q) = q**2 + 322*q - 11936. Calculate x(34).
168
Let j(v) = -2*v**3 + 12*v**2 + 68*v + 94. Calculate j(10).
-26
Let c(r) = -r**3 + 104*r - 42. Calculate c(10).
-2
Let s(u) = 7*u**3 + 402*u**2 + 174*u + 179. Calculate s(-57).
8
Let x(f) = 5*f**3 - 2*f**2 - 4*f + 13. What is x(3)?
118
Let h(o) = -o**3 + 77*o**2 + 3*o - 693. Give h(77).
-462
Let s(p) = -2*p**3 + 95*p**2 + 147*p - 9. What is s(49)?
-9
Let b(t) = -206*t - 3295. Determine b(-16).
1
Let j(w) = w**3 + 12*w**2 - 25*w - 295. What is j(-12)?
5
Let p(i) = 69*i + 320. Calculate p(-4).
44
Let n(o) = o**3 + 22*o**2 - 48*o + 68. Determine n(-24).
68
Let x(d) = -784*d - 6197. What is x(-8)?
75
Let m(v) = -2*v**2 - 412*v - 15173. Determine m(-48).
-5
Let x(v) = -3*v**2 + 16*v + 60. Calculate x(8).
-4
Let o(w) = 8*w**2 - 47*w - 11. What is o(6)?
-5
Let n(d) = -2*d**3 - 17*d**2 + 86*d + 347. Calculate n(-11).
6
Let z(t) = 26*t**2 - 51*t - 402. What is z(5)?
-7
Let l(v) = 5*v**2 + 15*v + 57. Give l(-5).
107
Let f(u) = -63*u - 1182. Calculate f(-19).
15
Let q(m) = 60*m + 220. Calculate q(-3).
40
Let d(g) = -5*g**2 - 148*g. Determine d(-29).
87
Let b(i) = -19*i + 3271. What is b(164)?
155
Let c(w) = 79*w - 336. What is c(5)?
59
Let g(b) = b**3 + 32*b**2 - 36*b + 52. Determine g(-33).
151
Let v(n) = n**2 + 7*n - 204. Give v(-13).
-126
Let t(u) = u**3 + 3*u**2 - 87*u - 2. Give t(-11).
-13
Let l(p) = 3*p**3 - 31*p**2 + 15*p - 3. Determine l(10).
47
Let h(i) = 159*i - 816. Calculate h(7).
297
Let d(v) = 5*v**3 - 2*v**2 + 50*v - 142. Give d(3).
125
Let a(s) = 3*s**3 - 16*s**2 - 88*s - 24. Calculate a(10).
496
Let h(j) = -2394*j - 23908. What is h(-10)?
32
Let l(c) = 87*c + 387. Determine l(-5).
-48
Let a(m) = 160*m + 948. What is a(-6)?
-12
Let t(y) = -37*y**3 - 6*y**2 + 7*y. Determine t(1).
-36
Let k(m) = m**3 - 2*m**2 + 3*m + 82. Calculate k(0).
82
Let n(v) = 21*v + 291. Calculate n(6).
417
Let y(t) = -13*t**2 + 45*t + 12. Give y(4).
-16
Let v(m) = 3*m**2 + 55*m + 1. Calculate v(0).
1
Let d(x) = -x**3 + 7*x**2 + 3*x - 19. Give d(8).
-59
Let r(q) = -1781*q - 5. Determine r(0).
-5
Let k(c) = -c**2 - 38*c - 171. Calculate k(-7).
46
Let o(t) = 2*t**3 + 86*t**2 + 907*t - 115. Give o(-19).
-20
Let r(a) = 12*a**3 - 1631*a**2 - 135*a - 103. Give r(136).
33
Let r(n) = -22*n**2 - 104*n - 4. Calculate r(-6).
-172
Let t(a) = 3*a**3 - 207*a**2 - 264*a + 18217. Determine t(69).
1
Let w(k) = 14*k**2 + 495*k - 2834. What is w(5)?
-9
Let n(l) = -58*l - 20. Determine n(4).
-252
Let d(u) = -106*u + 2308. Give d(22).
-24
Let g(d) = -1328*d + 1297. Give g(1).
-31
Let d(z) = -799*z + 3199. Determine d(4).
3
Let b(t) = -218*t + 1793. Give b(8).
49
Let d(x) = x**3 + 88*x**2 + 709*x - 149. Determine d(-79).
9
Let v(n) = -26*n + 1303. Give v(48).
55
Let s(i) = -112*i + 1004. What is s(9)?
-4
Let a(j) = 15*j**3 - 155*j**2 - 106*j - 48. Calculate a(11).
-4
Let b(n) = -520*n - 3120. Give b(-6).
0
Let t(m) = m**2 + 24*m + 8. What is t(-9)?
-127
Let y(j) = -2*j**3 - 4*j**2 + j - 1. Determine y(3).
-88
Let w(j) = -2*j**2 + 50*j + 4. Calculate w(25).
4
Let w(v) = -4*v**3 + 46*v**2 - 19*v - 20. What is w(11)?
13
Let b(c) = 40*c - 22. Determine b(3).
98
Let h(b) = -b**2 + 5*b + 1315. What is h(-34)?
-11
